 - 104. Suppose a + s - 2*s = p, 0 = 4*a + 3*s - 2483. What is the hundreds digit of a?
6
What is the hundreds digit of 19 - (-11 + 23) - -24732?
7
Suppose 139*l - 497364 = 15*l. What is the hundreds digit of l?
0
Suppose 13*i - 3*m - 214 = 14*i, 0 = -2*i - m - 418. Let z = i - -323. What is the tens digit of z?
1
Suppose -3162 - 3233 = 5*i. Let m = 1805 + i. Let o = -259 + m. What is the units digit of o?
7
Suppose 19*l = -37981 + 204649. What is the tens digit of l?
7
What is the units digit of 1672/((6*(-8)/960)/(3/(-4)))?
0
Let z(t) = 10*t**2 + 2*t + 10. Let m = -66 + 68. Let r be -2*m/(-4)*-3. What is the units digit of z(r)?
4
Let p(m) = -7*m**3 - 18*m**2 + 164*m - 8. Let t(v) = 4*v**3 + 9*v**2 - 82*v + 4. Let r(n) = -3*p(n) - 5*t(n). What is the tens digit of r(11)?
2
Let n = 96493 - 64648. What is the units digit of n?
5
Let v be (3 - 0/2) + 1 - -22. Suppose 2*s - 2*l + 34 = 5*s, 2*s + 3*l - v = 0. Suppose -231 = -s*q - 61. What is the tens digit of q?
1
Let d(n) = -n**3 + 8*n**2 - 8*n - 12. Let k be d(6). Let m(o) = 4*o - 36. Let r be m(k). What is the units digit of 1928/r - (6/9 + -1)?
1
Let p(n) = -47*n - 38. Let r(d) = 142*d + 113. Let q(s) = 17*p(s) + 6*r(s). What is the tens digit of q(6)?
5
Let i = 66 + -70. Let b be (i/(-8)*-1)/((-1)/194). Suppose 5*d = 382 - b. What is the tens digit of d?
5
Suppose o + w = 29917, 5*o + 3*w + w - 149592 = 0. What is the thousands digit of o?
9
Let g(m) be the first derivative of 5*m**3/3 + m**2/2 + 15*m + 177. Suppose u = 6*u + 20, -4*a - 3*u - 36 = 0. What is the units digit of g(a)?
9
Suppose 0 = -31*w + 57862 + 104826. What is the tens digit of w?
4
Let w(o) be the first derivative of -10*o**2 + 85*o - 20. What is the hundreds digit of w(-5)?
1
Let l(j) = -2*j**3 + 16*j**2 - j + 3. Let k be l(8). Let f be (-2)/k - 23/(-5). Suppose 4*u + 67 = f*u. What is the tens digit of u?
6
Suppose -187*x = -167*x + 6500. Let z = x - -349. What is the units digit of z?
4
Let c(g) = -g**2 - g. Let k(o) = -5*o + 0*o**2 - 7 - o + 116*o**2 + 8. Let x(b) = -6*c(b) + k(b). What is the hundreds digit of x(1)?
1
Let r(j) = 363*j + 386. What is the units digit of r(18)?
0
Let m be (-123 + 3 + 0)*13/(-4). Suppose 823 = -3*f + 3*r + 1984, 0 = f + 2*r - m. What is the hundreds digit of f?
3
Suppose 5*l = -10 + 5, -2*v = -2*l - 820. Let i = v - 256. What is the hundreds digit of i?
1
Let z(q) = -562*q**3 - 18*q**2 - 26*q - 10. What is the ten thousands digit of z(-3)?
1
Let m = -139 - -141. What is the hundreds digit of (-9)/m*(-596)/3?
8
Let f(v) = -2*v**3 + 10*v**2 + 25*v + 2. Suppose -380 + 348 = 8*c. What is the tens digit of f(c)?
9
Suppose 93109 + 14075 = 12*h. Suppose 0 = -192*u + 181*u + h. What is the units digit of u?
2
Let g be -6 + 8 + -1 + 58. Let x = g - -117. What is the hundreds digit of x?
1
Suppose 0 = 4*q - 3*d + 45, q + 10*d - 5*d + 40 = 0. Let z(i) = -i**3 - 15*i**2 - 8. Let m be z(q). Let y(c) = 2*c**2 + 4*c + 2. What is the tens digit of y(m)?
9
What is the tens digit of ((-18581)/255 + (-14)/105)/((-4)/2836)?
5
Suppose 2*g + 4 = 0, g - 752 = 4*p + 5*g. Let f = 522 + p. Suppose -420 = -9*l + 4*l + j, 4*l - f = -2*j. What is the units digit of l?
4
Let j(z) = 12*z**3 + 2*z**2 - 4*z + 5. Let d(p) = p**3 - 3*p**2 - 6*p + 11. Let i be d(4). What is the tens digit of j(i)?
3
Suppose -60*m + 161*m - 31871707 = -326*m. What is the tens digit of m?
4
Let f(z) = 11*z**2 - 11*z + 49. Suppose -44*s + 31*s + 91 = 0. What is the units digit of f(s)?
1
Let b(j) = -167*j. Let m = 159 - 160. What is the tens digit of b(m)?
6
Let f(d) = d**3 + 7*d**2 + 3*d - 13. Let t be f(-6). Suppose 310 = 4*y + 3*n, t*n + 255 + 115 = 5*y. Suppose 256 = 3*o + y. What is the tens digit of o?
6
Let f = -5 - -10. Suppose -8*u - 35*u = -172. Suppose -4*s + 330 = w, -3*w = -f*w + u. What is the tens digit of s?
8
Suppose n + b - 1569 = 0, -5795 = -5*n - 3*b + 2058. Suppose 4*w - 7*w = -i + 783, w - n = -2*i. What is the hundreds digit of i?
7
Suppose 49 = 5*b + 9. Suppose -b*y = -11*y + 747. What is the tens digit of y?
4
Suppose 10*y = 29 - 99. Let v(m) = -16*m + 26. What is the units digit of v(y)?
8
Let a = 498 - 500. What is the tens digit of 620 + 1/a*-2?
2
Let u(h) = 3736*h**2 + 17*h + 13. What is the thousands digit of u(-1)?
3
Suppose -25024 = 19*k - 23*k. Suppose 5*q = -7*a + k, -q - 6266 = -6*q - 2*a. What is the tens digit of q?
5
Let n be ((-33)/9 - -3)*-204. Suppose n - 625 = -3*b. What is the tens digit of b?
6
What is the thousands digit of 29 - (25 - 13) - -61653?
1
Let w = 37621 + -20104. What is the tens digit of w?
1
What is the tens digit of (-179340)/(-85) + -5 + 6/51?
0
Let p(q) = -4 - 39*q - 9*q + 14*q. Let w be p(-4). Let d = -76 + w. What is the tens digit of d?
5
Suppose -538 = 3*s - 5*j + 69, 0 = -2*j + 4. Let r = s + 334. What is the units digit of r?
5
Let d be ((-42)/(-15) - 2) + (-104)/(-20). Let h(j) = 2*j**3 + 2*j**2 + 3*j - 16. What is the tens digit of h(d)?
0
Let w be (-15 - -7) + 12 - -2. What is the hundreds digit of -3*(-1772)/w - 1?
8
Let u(o) = -o**2 - 60*o + 26. Let i be u(-18). Suppose 0 = -2*n + 4*w + i, -2*n + 7*w + 752 = 9*w. What is the hundreds digit of n?
3
Suppose 110*c - 24910 = 107*c + 5*l, 3*l = 12. What is the units digit of c?
0
Let l(t) = -t**3 + 22*t**2 + 7*t - 6. Let h be l(20). Suppose 14*b - 8228 = -h. What is the tens digit of b?
2
Let w be (-3)/(-2)*140/42. Suppose w*a - 2*z = -126, 4*a - 3*z + 2*z + 99 = 0. Let m = 93 - a. What is the hundreds digit of m?
1
Let g(q) = -q + 11. Let m be g(5). What is the hundreds digit of 3*(m - 1374/(-9))?
4
Let l be (-136)/(-12) - (-16)/24. What is the hundreds digit of (l/(-10))/(97/(-139195))?
7
Suppose 43*u + 3*v = 40*u + 35769, -3*v - 35805 = -3*u. What is the units digit of u?
9
Let o = -1 + 36. Let b(f) = -f**3 - 2*f**2 + f. Let k be b(-2). What is the units digit of (0 - k)*o - 18/(-6)?
3
Let j be (-2)/((-3)/(-4) + -2)*5. Suppose 3*k = j*k - 10. What is the units digit of (-76)/k*9/(-6)?
7
Let a(u) = -14423*u**3 + 12*u**2 - 6*u - 1. What is the tens digit of a(-1)?
4
Let a = -58313 + 115354. What is the ten thousands digit of a?
5
Let v be (-2 - (-10)/6)*-3. Suppose 3*x = 8 + v. Suppose 0 = -x*f - 6*p + 2*p + 233, 370 = 5*f + 3*p. What is the tens digit of f?
7
Suppose 0*b - 22 = -b. Let c = b + -40. What is the units digit of (-22)/c + 4/(-18)?
1
Suppose -3*h - 21 + 0 = 0. Let m(s) = -104*s + 46. What is the units digit of m(h)?
4
Let h(l) = -l**2 + 25*l - 24. Let w be h(24). Suppose -5*c + y + 1452 = 0, w*c + y + 872 = 3*c. What is the hundreds digit of c?
2
Let f = -322 + 318. What is the thousands digit of 1/1 + (-4760)/f?
1
Let s(c) be the first derivative of c**3/3 - 2*c**2 - 6*c - 8. Let y be s(4). What is the tens digit of -108*(1 + 9/y)?
5
Suppose 3*m + 20 = -m. Let z be (m/5)/((-3)/(-387)). Let x = -85 - z. What is the units digit of x?
4
Let u = 69 + -69. Suppose u*j = -8*j. Suppose -3*d + 6 = j, -14 - 54 = -5*i + d. What is the units digit of i?
4
Suppose 0 = 9*j - 3*j - 15380 + 4778. What is the units digit of j?
7
Let o = -12087 + 22732. What is the hundreds digit of o?
6
Let r(c) be the second derivative of -19*c**3/3 - 43*c**2 - 2*c - 5. What is the tens digit of r(-10)?
9
Let k(i) = 7*i**2 - i - 3. Suppose -3*x + 0 - 3 = 0. Let j be k(x). Suppose -120 = -4*s + j*m, 48 = 3*s + 4*m - 11. What is the tens digit of s?
2
Suppose 656 = -12*y + 20*y. Let g = y + 237. What is the units digit of g?
9
Suppose -7*n + 25*n - 135434 = -31196. What is the hundreds digit of n?
7
Let h = 15462 + -2210. What is the thousands digit of h?
3
What is the hundreds digit of -18*(-52)/117 + 10536?
5
Suppose -3*x - a + 1 = 0, -3*a - 2*a + 5 = 3*x. Suppose x = -8*v + 369 + 215. What is the tens digit of v?
7
Let c = 7597 + 10485. What is the ten thousands digit of c?
1
Let h(o) = 207*o + 2831. What is the hundreds digit of h(33)?
6
Suppose 0 = 83*n - 106*n + 16125 + 153132. What is the thousands digit of n?
7
What is the units digit of (-1758940)/(-92) + (-8)/(-92)?
9
Suppose -j + 224513 = 52*j - 144420. What is the hundreds digit of j?
9
Let w = 72367 - 42992. What is the thousands digit of w?
9
Let m(z) = 325*z + 264. What is the hundreds digit of m(4)?
5
Let s(g) = -524*g + 60. Let l be s(10). Let r be l/(-49) - (-2)/7 - 1. Sup